{"id":1657,"date":"2018-05-24T12:40:55","date_gmt":"2018-05-24T12:40:55","guid":{"rendered":"https:\/\/herosplus.hr\/upravljanje-zgradama\/?page_id=1657"},"modified":"2018-12-07T08:00:24","modified_gmt":"2018-12-07T08:00:24","slug":"izjava-o-privatnosti","status":"publish","type":"page","link":"https:\/\/herosplus.hr\/upravljanje-zgradama\/izjava-o-privatnosti\/","title":{"rendered":"IZJAVA O PRIVATNOSTI"},"content":{"rendered":"<p><strong>IZJAVA O PRIVATNOSTI<\/strong><\/p>\n<p><strong>Kori\u0161tenjem Internet stranice HEROS PLUS d.o.o., odnosno bilo koje usluge koja je navedena u istima, u cijelosti prihva\u0107ate Uvjete kori\u0161tenja koji se ovdje nalaze. Ako niste suglasni s uvjetima kori\u0161tenja ne koristite ove stranice.<\/strong><\/p>\n<p>Izri\u010dito izjavljujem da slanjem upita HEROS PLUS d.o.o. dobrovoljno stavljate na raspolaganje potrebne podatke i dozvoljavate da se isti koriste za sve poslove koje sklapate i ugovarate sa HEROS PLUS d.o.o.<\/p>\n<p><strong>1.Prikupljanje i kori\u0161tenje informacija<\/strong><br \/>\nSukladno \u201eZakonu o za\u0161titi osobnih podataka\u201c, HEROS PLUS d.o.o. se obvezuje prikupljati osobne podatke korisnika svojih usluga samo i isklju\u010divo uz njihovu dozvolu i u svrhu s kojom je korisnik usluga prethodno upoznat. Kako bismo realizirali tra\u017eene usluge i pru\u017eili potrebne informacije vezane uz isto, HEROS PLUS d.o.o. \u0107e koristiti samo one informacije koje nam svojevoljno date. Obvezujemo se da iste ne\u0107emo prodati, iznijeti u javnost ili ih dati tre\u0107oj stranci na na\u010din koji nije naveden u ovoj izjavi. Svaki korisnik ima pravo u bilo kojem trenutku zatra\u017eiti brisanje ili a\u017euriranje svojih podataka, slanjem obavijesti na na\u0161 e-mail.<\/p>\n<p><strong>2.Kupovina<\/strong><br \/>\nPrilikom ugovaranja neke usluge koju nudimo, zatra\u017eiti \u0107emo osobne podatke krajnjih korisnika (ime, prezime, kontakt broj, itd), odnosno one podatke koji su nam potrebni kako bismo izradili ponudu i ugovorili uslugu. Ti podaci \u0107e se isklju\u010divo koristiti za realizaciju usluga i biti \u0107e dostupni isklju\u010divo nama i partnerima koji sudjeluju u realizaciji prodaje.<\/p>\n<p>U slu\u010daju bilo kakve zloupotrebe ove stranice (upis la\u017ene rezervacije ili sl.) bit \u0107e Vam onemogu\u0107en pristup na\u0161oj stranici.<\/p>\n<p>Ako uo\u010dite da HEROS PLUS d.o.o. ne postupa prema ovim na\u010delima ili imate bilo kakvu drugu primjedbu vezanu uz na\u010din poslovanja, obavijestite nas na na\u0161 e-mail i mi \u0107emo upotrijebiti sve ekonomski opravdane napore da istra\u017eimo i ispravimo problem \u0161to je prije mogu\u0107e.<\/p>\n<p>HEROS PLUS d.o.o. web stranica koristi GoogleAnalytics za potrebe remarketinga.<\/p>\n<p><strong>3.Druge web stranice i kola\u010di\u0107i<\/strong><br \/>\nInternet stranice HEROS PLUS d.o.o. sadr\u017ee linkove na druge Internet stranice, te Vas molimo da uzmete u obzir da HEROS PLUS d.o.o. ne mo\u017ee biti odgovorna za po\u0161tivanje privatnosti na istima. Isti\u010demo va\u017enost Izjave o privatnosti koju mo\u017eete prona\u0107i na svim drugim Internet stranicama te skre\u0107emo pozornost na sadr\u017eaj iste. Ova Izjava i privatnosti primjenjuje se isklju\u010divo vezano uz informacije prikupljene na ovim Internet stranicama.<\/p>\n<p>\u0160to je cookie? \u2013 Cookie je tekstna datoteka koju, kod prve posjete stranice, Va\u0161 Web browser pohranjuje na Va\u0161 hard-disk. Na taj na\u010din je omogu\u0107eno br\u017ee u\u010ditavanje ve\u0107 posje\u0107enih stranica. Cookie ne sadr\u017eava nikakve osobne informacije, ali poma\u017ee nama da Vam pru\u017eamo posebne usluge dok ste na Webu.<\/p>\n<p>Za\u0161to se koriste cookieji? \u2013 Jedna od glavnih prednosti cookieja je u\u0161teda vremena i lak\u0161a navigacija po stranicama, budu\u0107i da cookie daje signal Web browseru da ste se vratili na stranicu koja je prethodno ve\u0107 bila u\u010ditana. Statisti\u010dke informacije o posje\u0107enosti odre\u0111enih informacija na Webu se kreiraju pomo\u0107u cookieja, stoga imaju veliku va\u017enost u prepoznavanju \u017eelja posjetitelja stranice, te prema tome nam poma\u017eu u zadovoljavanju interesa i \u017eelja klijenata za odre\u0111enim sadr\u017eajima na stranici. Ovdje primarnu ulogu ima analitika stranica GoogleAnalytics, koja se isklju\u010divo koristi radi prikupljanja nu\u017enih informacija o uspje\u0161nosti na\u0161ih stranica na tr\u017ei\u0161tu.<br \/>\n\u201eKola\u010di\u0107i\u201c su opcija koju Vam nudi Va\u0161 Web browser. Ve\u0107ina Web browsera je pode\u0161ena tako da automatski prihva\u0107a cookieje, no ukoliko Vi to \u017eelite, mo\u017eete promijeniti postavke svog browsera tako da odbija kola\u010di\u0107e. IP adrese se koriste u svrhu analiziranja trendova i odr\u017eavanja web stranice HEROS PLUS d.o.o., te iste nisu osobni podaci pomo\u0107u kojih se pojedinac mo\u017ee identificirati.<\/p>\n<p><strong>4.Marketin\u0161ke aktivnosti<\/strong><br \/>\nU slu\u010daju da se \u017eelite prijaviti na primanje Newsletter-a HEROS PLUS d.o.o., zatra\u017eiti \u0107emo va\u0161e osobne podatke poput imena i e-mail adrese, koje \u0107emo isklju\u010divo koristiti u ove svrhe. U svakom trenutku se mo\u017eete odjaviti sa spomenute liste klikom na \u201eUnsuscribe\u201c na dnu pristigloge-maila ili slanjem zahtjeva na na\u0161 e-mail kojim \u0107ete zatra\u017eiti da se Va\u0161i podaci uklone sa iste.<\/p>\n<p><strong>5.Sigurnost kori\u0161tenja Internet stranice<\/strong><br \/>\nInternet stranica HEROS PLUS d.o.o. poduzimaju sve mjere kako bi za\u0161titile podatke o korisniku. Uno\u0161enjem povjerljivih podataka je u potpunosti sigurno i isti su za\u0161ti\u0107eni. Pristup istima je ograni\u010den i imaju ga samo osobe kojima su isti potrebni kako bi se tra\u017eena usluga kvalitetno i u potpunosti pru\u017eila.<\/p>\n<p><strong>6.Ograni\u010denje na osobno kori\u0161tenje<\/strong><br \/>\nOve web stranice namijenjene su korisnicima za osobno kori\u0161tenje. Nije dozvoljeno mijenjati, kopirati, distribuirati, prikazivati, objavljivati ili na bilo koji drugi na\u010din prenositi ili prodavati bilo koju informaciju, uslugu ili proizvod koji se objavljuje na ovim stranicama.<\/p>\n<p><strong>7.Vlasni\u0161tvo<\/strong><br \/>\nSadr\u017eaji i formati na ovim web stranicama su vlasni\u0161tvo HEROS PLUS d.o.o., osim djela fotografija koje se ne koriste u komercijalne svrhe, a na zahtjev autora ili vlasnika bit \u0107e povu\u010dene sa stranica (ukoliko ne postignemo druga\u010diji dogovor).<\/p>\n<p><strong>8.Ograni\u010denje od odgovornosti<\/strong><br \/>\nInformacije na ovim stranicama smatraju se ispravnima u trenutku uno\u0161enja. Svi podaci redovito \u0107e se pregledavati, a eventualne gre\u0161ke odmah uklanjati. HEROS PLUS d.o.o. zadr\u017eava pravo promjene podataka na ovim stranicama bez posebnog upozorenja.<\/p>\n<p><strong>9.Zabranjeno ilegalno kori\u0161tenje<\/strong><br \/>\nKori\u0161tenjem ovih web stranica obvezujete se da informacije ovdje dobivene ne\u0107ete koristiti u zabranjene ili ilegalne svrhe ili radnje.<\/p>\n<p><strong>10.Promjena ovih uvjeta i drugi uvjeta poslovanja<\/strong><br \/>\nHEROS PLUS d.o.o. zadr\u017eava pravo promjena ovih uvjeta kori\u0161tenja web stranica i drugih uvjeta poslovanja. Promjene ne utje\u010du na ve\u0107 izvr\u0161ene i upla\u0107ene usluge.<\/p>\n<p>&nbsp;<\/p>\n","protected":false},"excerpt":{"rendered":"<p>IZJAVA O PRIVATNOSTI Kori\u0161tenjem Internet stranice HEROS PLUS d.o.o., odnosno bilo koje usluge koja je navedena u istima, u cijelosti prihva\u0107ate Uvjete kori\u0161tenja koji se ovdje nalaze. Ako niste suglasni s uvjetima kori\u0161tenja ne koristite ove stranice. Izri\u010dito izjavljujem da slanjem upita HEROS PLUS d.o.o. dobrovoljno stavljate na raspolaganje potrebne podatke i dozvoljavate da se [&hellip;]<\/p>\n","protected":false},"author":1,"featured_media":0,"parent":0,"menu_order":0,"comment_status":"closed","ping_status":"closed","template":"","meta":{"footnotes":""},"class_list":["post-1657","page","type-page","status-publish","hentry"],"yoast_head":"<!-- This site is optimized with the Yoast SEO plugin v26.4 - https:\/\/yoast.com\/wordpress\/plugins\/seo\/ -->\n<title>IZJAVA O PRIVATNOSTI - Heros Plus<\/title>\n<meta name=\"robots\" content=\"index, follow, max-snippet:-1, max-image-preview:large, max-video-preview:-1\" \/>\n<link rel=\"canonical\" href=\"https:\/\/herosplus.hr\/upravljanje-zgradama\/izjava-o-privatnosti\/\" \/>\n<meta property=\"og:locale\" content=\"hr_HR\" \/>\n<meta property=\"og:type\" content=\"article\" \/>\n<meta property=\"og:title\" content=\"IZJAVA O PRIVATNOSTI - Heros Plus\" \/>\n<meta property=\"og:description\" content=\"IZJAVA O PRIVATNOSTI Kori\u0161tenjem Internet stranice HEROS PLUS d.o.o., odnosno bilo koje usluge koja je navedena u istima, u cijelosti prihva\u0107ate Uvjete kori\u0161tenja koji se ovdje nalaze. Ako niste suglasni s uvjetima kori\u0161tenja ne koristite ove stranice. Izri\u010dito izjavljujem da slanjem upita HEROS PLUS d.o.o. dobrovoljno stavljate na raspolaganje potrebne podatke i dozvoljavate da se [&hellip;]\" \/>\n<meta property=\"og:url\" content=\"https:\/\/herosplus.hr\/upravljanje-zgradama\/izjava-o-privatnosti\/\" \/>\n<meta property=\"og:site_name\" content=\"Heros Plus\" \/>\n<meta property=\"article:publisher\" content=\"https:\/\/www.facebook.com\/herosplus\/\" \/>\n<meta property=\"article:modified_time\" content=\"2018-12-07T08:00:24+00:00\" \/>\n<meta name=\"twitter:card\" content=\"summary_large_image\" \/>\n<script type=\"application\/ld+json\" class=\"yoast-schema-graph\">{\"@context\":\"https:\/\/schema.org\",\"@graph\":[{\"@type\":\"WebPage\",\"@id\":\"https:\/\/herosplus.hr\/upravljanje-zgradama\/izjava-o-privatnosti\/\",\"url\":\"https:\/\/herosplus.hr\/upravljanje-zgradama\/izjava-o-privatnosti\/\",\"name\":\"IZJAVA O PRIVATNOSTI - Heros Plus\",\"isPartOf\":{\"@id\":\"https:\/\/herosplus.hr\/upravljanje-zgradama\/#website\"},\"datePublished\":\"2018-05-24T12:40:55+00:00\",\"dateModified\":\"2018-12-07T08:00:24+00:00\",\"breadcrumb\":{\"@id\":\"https:\/\/herosplus.hr\/upravljanje-zgradama\/izjava-o-privatnosti\/#breadcrumb\"},\"inLanguage\":\"hr\",\"potentialAction\":[{\"@type\":\"ReadAction\",\"target\":[\"https:\/\/herosplus.hr\/upravljanje-zgradama\/izjava-o-privatnosti\/\"]}]},{\"@type\":\"BreadcrumbList\",\"@id\":\"https:\/\/herosplus.hr\/upravljanje-zgradama\/izjava-o-privatnosti\/#breadcrumb\",\"itemListElement\":[{\"@type\":\"ListItem\",\"position\":1,\"name\":\"Po\u010detna stranica\",\"item\":\"https:\/\/herosplus.hr\/upravljanje-zgradama\/\"},{\"@type\":\"ListItem\",\"position\":2,\"name\":\"IZJAVA O PRIVATNOSTI\"}]},{\"@type\":\"WebSite\",\"@id\":\"https:\/\/herosplus.hr\/upravljanje-zgradama\/#website\",\"url\":\"https:\/\/herosplus.hr\/upravljanje-zgradama\/\",\"name\":\"Heros Plus\",\"description\":\"Property &amp; Facility Management\",\"potentialAction\":[{\"@type\":\"SearchAction\",\"target\":{\"@type\":\"EntryPoint\",\"urlTemplate\":\"https:\/\/herosplus.hr\/upravljanje-zgradama\/?s={search_term_string}\"},\"query-input\":{\"@type\":\"PropertyValueSpecification\",\"valueRequired\":true,\"valueName\":\"search_term_string\"}}],\"inLanguage\":\"hr\"}]}<\/script>\n<!-- \/ Yoast SEO plugin. -->","yoast_head_json":{"title":"IZJAVA O PRIVATNOSTI - Heros Plus","robots":{"index":"index","follow":"follow","max-snippet":"max-snippet:-1","max-image-preview":"max-image-preview:large","max-video-preview":"max-video-preview:-1"},"canonical":"https:\/\/herosplus.hr\/upravljanje-zgradama\/izjava-o-privatnosti\/","og_locale":"hr_HR","og_type":"article","og_title":"IZJAVA O PRIVATNOSTI - Heros Plus","og_description":"IZJAVA O PRIVATNOSTI Kori\u0161tenjem Internet stranice HEROS PLUS d.o.o., odnosno bilo koje usluge koja je navedena u istima, u cijelosti prihva\u0107ate Uvjete kori\u0161tenja koji se ovdje nalaze. Ako niste suglasni s uvjetima kori\u0161tenja ne koristite ove stranice. Izri\u010dito izjavljujem da slanjem upita HEROS PLUS d.o.o. dobrovoljno stavljate na raspolaganje potrebne podatke i dozvoljavate da se [&hellip;]","og_url":"https:\/\/herosplus.hr\/upravljanje-zgradama\/izjava-o-privatnosti\/","og_site_name":"Heros Plus","article_publisher":"https:\/\/www.facebook.com\/herosplus\/","article_modified_time":"2018-12-07T08:00:24+00:00","twitter_card":"summary_large_image","schema":{"@context":"https:\/\/schema.org","@graph":[{"@type":"WebPage","@id":"https:\/\/herosplus.hr\/upravljanje-zgradama\/izjava-o-privatnosti\/","url":"https:\/\/herosplus.hr\/upravljanje-zgradama\/izjava-o-privatnosti\/","name":"IZJAVA O PRIVATNOSTI - Heros Plus","isPartOf":{"@id":"https:\/\/herosplus.hr\/upravljanje-zgradama\/#website"},"datePublished":"2018-05-24T12:40:55+00:00","dateModified":"2018-12-07T08:00:24+00:00","breadcrumb":{"@id":"https:\/\/herosplus.hr\/upravljanje-zgradama\/izjava-o-privatnosti\/#breadcrumb"},"inLanguage":"hr","potentialAction":[{"@type":"ReadAction","target":["https:\/\/herosplus.hr\/upravljanje-zgradama\/izjava-o-privatnosti\/"]}]},{"@type":"BreadcrumbList","@id":"https:\/\/herosplus.hr\/upravljanje-zgradama\/izjava-o-privatnosti\/#breadcrumb","itemListElement":[{"@type":"ListItem","position":1,"name":"Po\u010detna stranica","item":"https:\/\/herosplus.hr\/upravljanje-zgradama\/"},{"@type":"ListItem","position":2,"name":"IZJAVA O PRIVATNOSTI"}]},{"@type":"WebSite","@id":"https:\/\/herosplus.hr\/upravljanje-zgradama\/#website","url":"https:\/\/herosplus.hr\/upravljanje-zgradama\/","name":"Heros Plus","description":"Property &amp; Facility Management","potentialAction":[{"@type":"SearchAction","target":{"@type":"EntryPoint","urlTemplate":"https:\/\/herosplus.hr\/upravljanje-zgradama\/?s={search_term_string}"},"query-input":{"@type":"PropertyValueSpecification","valueRequired":true,"valueName":"search_term_string"}}],"inLanguage":"hr"}]}},"_links":{"self":[{"href":"https:\/\/herosplus.hr\/upravljanje-zgradama\/wp-json\/wp\/v2\/pages\/1657","targetHints":{"allow":["GET"]}}],"collection":[{"href":"https:\/\/herosplus.hr\/upravljanje-zgradama\/wp-json\/wp\/v2\/pages"}],"about":[{"href":"https:\/\/herosplus.hr\/upravljanje-zgradama\/wp-json\/wp\/v2\/types\/page"}],"author":[{"embeddable":true,"href":"https:\/\/herosplus.hr\/upravljanje-zgradama\/wp-json\/wp\/v2\/users\/1"}],"replies":[{"embeddable":true,"href":"https:\/\/herosplus.hr\/upravljanje-zgradama\/wp-json\/wp\/v2\/comments?post=1657"}],"version-history":[{"count":3,"href":"https:\/\/herosplus.hr\/upravljanje-zgradama\/wp-json\/wp\/v2\/pages\/1657\/revisions"}],"predecessor-version":[{"id":2522,"href":"https:\/\/herosplus.hr\/upravljanje-zgradama\/wp-json\/wp\/v2\/pages\/1657\/revisions\/2522"}],"wp:attachment":[{"href":"https:\/\/herosplus.hr\/upravljanje-zgradama\/wp-json\/wp\/v2\/media?parent=1657"}],"curies":[{"name":"wp","href":"https:\/\/api.w.org\/{rel}","templated":true}]}}